Does 377 divide 361341490?
False
Is 919421064 a multiple of 408?
True
Is 15 a factor of 1288692079?
False
Is 162787009 a multiple of 2471?
True
Is 13 a factor of 9390784?
True
Does 186 divide 15007224?
True
Is 6 a factor of 84424212?
True
Is 246107516 a multiple of 82?
False
Does 48 divide 1700592536?
False
Is 68 a factor of 32642599?
False
Is 24628370 a multiple of 710?
False
Does 820 divide 338489803?
False
Does 401 divide 1240694?
True
Does 1772 divide 32780699?
False
Is 4644 a factor of 313288884?
True
Does 3 divide 976568?
False
Does 3221 divide 39109382?
True
Is 106443586 a multiple of 2?
True
Does 9 divide 547235091?
True
Is 628441170 a multiple of 389?
True
Is 49710154 a multiple of 27?
False
Is 59 a factor of 131451258?
False
Is 20560199 a multiple of 175?
False
Is 3848 a factor of 342594179?
False
Is 80869328 a multiple of 47?
True
Is 5189611 a multiple of 284?
False
Is 270439810 a multiple of 354?
False
Does 265 divide 310470942?
False
Does 46 divide 675528768?
True
Is 18886686 a multiple of 39?
True
Is 1305112020 a multiple of 10?
True
Does 58 divide 898424988?
True
Is 530 a factor of 22709440?
True
Is 6 a factor of 193395384?
True
Is 27 a factor of 6428496879?
True
Is 315 a factor of 159169172?
False
Does 16 divide 3512393851?
False
Does 2554 divide 2288011116?
True
Does 12 divide 54102715?
False
Does 448 divide 21366016?
True
Does 14 divide 52107954?
False
Is 132730680 a multiple of 1290?
True
Is 523 a factor of 26946006?
True
Is 8142648 a multiple of 1256?
True
Does 115 divide 88808290?
True
Is 578 a factor of 9574811?
False
Does 2838 divide 158473419?
False
Is 1697746974 a multiple of 66?
True
Is 18750596 a multiple of 21?
False
Does 62 divide 212870366?
True
Is 611383348 a multiple of 69?
False
Does 486 divide 54239773?
False
Is 28044680 a multiple of 495?
False
Is 250 a factor of 358858?
False
Is 23 a factor of 10979050?
True
Is 23807974 a multiple of 189?
False
Does 1344 divide 255896256?
True
Does 24 divide 5046329998?
False
Is 104 a factor of 197554968?
True
Is 146637600 a multiple of 30?
True
Is 1521 a factor of 121118751?
True
Is 246484848 a multiple of 12?
True
Does 3 divide 34490878?
False
Is 24446542 a multiple of 2547?
False
Is 196297312 a multiple of 1736?
False
Does 2 divide 85184105?
False
Does 955 divide 137198404?
False
Does 553 divide 6005518986?
False
Is 20076940 a multiple of 65?
True
Is 19042388 a multiple of 12?
False
Is 106 a factor of 45272070?
True
Is 1278136441 a multiple of 5309?
True
Does 3 divide 878564?
False
Does 14 divide 13870710?
True
Is 21056210 a multiple of 12?
False
Is 28843136 a multiple of 28?
True
Is 4169845 a multiple of 11?
False
Does 1088 divide 327089189?
False
Does 24 divide 56374261?
False
Is 28908708 a multiple of 28?
False
Is 38 a factor of 1480107508?
False
Does 6551 divide 563995243?
True
Is 17 a factor of 73840128?
False
Is 3104970838 a multiple of 6476?
False
Is 66 a factor of 504808965?
False
Is 36798744 a multiple of 141?
True
Is 2405 a factor of 144559740?
True
Is 125677494 a multiple of 163?
False
Is 363 a factor of 90481017?
True
Is 700 a factor of 131227600?
True
Is 916 a factor of 105720942?
False
Is 61737296 a multiple of 27?
False
Does 124 divide 20323746?
False
Is 86 a factor of 334008950?
True
Is 5 a factor of 48854290?
True
Does 1190 divide 208146470?
True
Does 196 divide 25716452?
False
Does 3 divide 98928549?
True
Is 323013339 a multiple of 6?
False
Is 453159927 a multiple of 2128?
False
Is 333 a factor of 5197342?
False
Does 394 divide 1383175457?
False
Is 2382 a factor of 242152734?
False
Does 226 divide 54866698?
True
Is 148236885 a multiple of 15?
True
Does 3 divide 62672030?
False
Is 517 a factor of 11689087?
False
Is 44642784 a multiple of 596?
True
Is 202083252 a multiple of 609?
True
Is 17826025 a multiple of 320?
False
Does 18 divide 220428?
True
Is 15691146 a multiple of 58?
True
Is 2391240 a multiple of 32?
False
Does 3829 divide 64874747?
True
Is 47357050 a multiple of 11?
False
Is 767292666 a multiple of 294?
True
Is 7 a factor of 1892548876?
False
Is 218045374 a multiple of 725?
False
Is 45931690 a multiple of 371?
False
Is 64 a factor of 139303138?
False
Does 68 divide 556025392?
True
Is 6260 a factor of 4845396500?
True
Is 19664784 a multiple of 2493?
True
Is 24262980 a multiple of 123?
True
Is 12427862 a multiple of 630?
False
Is 22 a factor of 17186202?
True
Is 80558100 a multiple of 714?
False
Does 17 divide 23067154?
False
Is 753936393 a multiple of 203?
False
Is 37 a factor of 42945115?
False
Does 380 divide 303873139?
False
Does 28 divide 89909205?
False
Does 49 divide 915337753?
False
Does 16 divide 6829281935?
False
Does 4063 divide 95152687?
False
Is 45 a factor of 8060168?
False
Does 416 divide 282536961?
False
Is 291 a factor of 91322784?
True
Is 44090976 a multiple of 96?
True
Does 278 divide 78652990?
False
Is 79705113 a multiple of 14?
False
Does 5570 divide 3415173090?
True
Does 13778 divide 284515700?
True
Does 60 divide 335162745?
False
Does 13 divide 2217496619?
True
Is 39 a factor of 28290666?
False
Is 2163 a factor of 113931699?
True
Is 6 a factor of 561654711?
False
Is 164 a factor of 55098096?
True
Is 217925409 a multiple of 2301?
True
Does 390 divide 14015710?
False
Does 5 divide 12626365?
True
Is 749723450 a multiple of 1302?
False
Does 277 divide 120023955?
False
Is 7465224 a multiple of 3392?
False
Is 17475840 a multiple of 74?
True
Is 596447293 a multiple of 87?
False
Does 29 divide 139150515?
False
Is 67897305 a multiple of 7?
True
Is 122574701 a multiple of 6?
False
Is 13114398 a multiple of 11?
True
Does 14 divide 52762750?
False
Does 131 divide 6886801?
True
Is 12 a factor of 4490352?
True
Does 63 divide 2104735?
False
Does 3897 divide 60384015?
True
Does 29 divide 956562448?
True
Does 1763 divide 145946429?
True
Is 51 a factor of 223142697?
True
Is 3399137879 a multiple of 9085?
False
Is 3269652152 a multiple of 49?
False
Is 648 a factor of 866857464?
True
Is 396301382 a multiple of 126?
False
Is 1746445030 a multiple of 10?
True
Does 8 divide 40452549?
False
Is 31465536 a multiple of 192?
True
Does 95 divide 85112685?
True
Is 193 a factor of 10879989?
True
Does 1108 divide 177295512?
True
Does 20 divide 672952820?
True
Is 29 a factor of 1951395?
False
Is 38826383 a multiple of 160?
False
Is 10 a factor of 25276590?
True
Does 407 divide 8029296?
True
Does 36 divide 152053488?
True
Is 4 a factor of 563336748?
True
Does 64 divide 108825318?
False
Is 49 a factor of 10619264?
False
Does 988 divide 83237024?
True
Does 5 divide 328865051?
False
Is 218 a factor of 36430634?
True
Is 36 a factor of 30931272?
True
Is 7081235 a multiple of 35?
True
Is 23720521 a multiple of 53?
True
Is 574180784 a multiple of 1163?
False
Is 30248574 a multiple of 1149?
True
Is 1433746925 a multiple of 2965?
False
Is 1103 a factor of 87245296?
False
Is 40 a factor of 51205000?
True
Does 408 divide 6133872?
True
Does 34 divide 73521876?
False
Does 10 divide 1791147722?
False
Is 93 a factor of 75462017?
False
Is 187 a factor of 18410994?
False
Does 47 divide 1387538517?
False
Is 11288 a factor of 5734228341?
False
Does 492 divide 16038159?
False
Is 404 a factor of 237253040?
True
Is 2550 a factor of 417741000?
True
Is 19 a factor of 302871022?
False
Is 324836411 a multiple of 3759?
False
Is 5 a factor of 34786919?
False
Does 26 divide 28600124?
False
Is 23392090 a multiple of 114?
False
Is 20 a factor of 287938820?
True
Is 29391988 a multiple of 257?
False
Does 95 divide 51343332?
False
Is 25 a factor of 201770207?
False
Does 16 divide 516015200?
True
Is 2535 a factor of 22614892?
False
Is 24026310 a multiple of 90?
True
Does 369 divide 5522823?
True
Is 19364825 a multiple of 25?
True
Does 531 divide 564665931?
True
Is 6236197 a multiple of 23?
True
Is 58 a factor of 1198454?
True
Is 68 a factor of 38041303?
False
Does 28 divide 52080588?
True
Is 45315264 a multiple of 192?
True
Does 110 divide 39199820?
True
Is 187724743 a multiple of 4519?
False
Is 321996090 a multiple of 69?
True
Does 183 divide 4753754978?
False
Is 421455321 a multiple of 133?
True
Is 115 a factor of 27744751?
False
Is 10992719 a multiple of 170?
False
Does 541 divide 1056577328?
True
Does 17 divide 78164?
False
Is 693546800 a multiple of 1616?
True
Is 2596185680 a multi